z = x + 1. Let c = 6 - z. What are the prime factors of c?
2, 3
Let s(g) be the third derivative of -g**4/8 - 7*g**3/6 - 3*g**2. List the prime factors of s(-6).
11
Let p be (-52)/(-16) - 1/4. Suppose p*h = 7*h - 3*q - 27, -h - 2*q - 7 = 0. Suppose 2*n - 11 - h = 0. What are the prime factors of n?
7
Let m(l) = 2*l**2 + 20*l - 9. List the prime factors of m(-13).
3, 23
Let j(r) = r**3 + 7*r**2 - 7*r + 9. Let a be j(-8). Suppose 0 = -4*g + a + 7. Suppose -s + 22 = -4*p, -3*s + 20 = g*s - 2*p. What are the prime factors of s?
2
Let c be (-4)/((-6)/(-10) + -1). Let a be ((-12)/15)/((-4)/c). Let o = 4 - a. List the prime factors of o.
2
Suppose 2*i - 5*d - 8 = 0, -d + 2*d = -i + 4. Suppose 0 = m - 1, x + 4*m + i - 40 = 0. List the prime factors of x.
2
Let a(u) = u**3 - 23*u**2 - 21*u + 46. What are the prime factors of a(24)?
2, 59
Let k be (-4)/22 + (-186)/66. What are the prime factors of -1 + (22 + 0 - k)?
2, 3
Let o(c) = 4*c**2 + 2*c + 2. Let g be 26/(-12) - 2/(-12). What are the prime factors of o(g)?
2, 7
Suppose 9*j - 30 = 4*j. Let i be 4/j - (-93)/9. Suppose -7 = 3*z - 5*f - 4, -f = 2*z - i. What are the prime factors of z?
2
Let s = 8 + -6. Suppose 0*z + 8 = s*z. What are the prime factors of z?
2
Let a(n) = 2*n**3 - 17*n**2 - n + 2. Let w(z) = -3*z**3 + 25*z**2 + 2*z - 3. Let o(q) = 7*a(q) + 5*w(q). List the prime factors of o(6).
17
Suppose -16 = -4*z + 4, -c + 4*z - 8 = 0. What are the prime factors of c?
2, 3
Let d be (24*-1)/4 + 0. What are the prime factors of (d/(-5))/((-6)/(-75))?
3, 5
Let i = 118 - -66. What are the prime factors of i?
2, 23
Suppose -70 = -w + 44. What are the prime factors of w?
2, 3, 19
Suppose 4*p + 12 = 2*p. What are the prime factors of 4*(-3 + (-51)/p)?
2, 11
Let w(m) = -m**3 + 15*m**2 + 18*m + 12. What are the prime factors of w(16)?
2, 11
Suppose -y + 2 - 4 = q, -2*y = -4*q + 16. Suppose 3*h + 147 = 4*z + 30, -4*z - 98 = q*h. List the prime factors of h/(-4) - 7/(-28).
11
Let j be 2 + (-8)/5 - (-47)/(-5). Let o = -19 - -6. Let s = j - o. List the prime factors of s.
2
List the prime factors of (-554)/(-7)*(-28)/(-8).
277
Suppose -4*o - 18 = 3*d, -o - 2 = -2*d + o. Let r(s) = -s**3 - s**2 + 1. Let n be r(d). Suppose -n*c = 10 - 35. List the prime factors of c.
5
Suppose -6*x + 53 + 61 = 0. Let n = -8 - -12. Let r = x - n. What are the prime factors of r?
3, 5
Let m(d) = 21*d**2 - 2*d - 1. Let i be m(-1). Let y(s) = s**3 + 4*s**2 + 4*s + 2. Let t be y(-2). Suppose 4*o = t*o + i. List the prime factors of o.
11
Let d(c) = -7 + 10 + c + 0*c. Let k be d(6). List the prime factors of (k/12)/(2/24).
3
Suppose 2*t + 3*t - 30 = 0. Suppose -4 = -z - 4*v + t*v, 5*v + 16 = 3*z. List the prime factors of z.
2, 3
Let n = -39 - -18. Let g = 52 + n. List the prime factors of g.
31
Let k(f) = f**2 + 5*f + 5. Let x(w) = -2*w + 15. Let y be x(10). List the prime factors of k(y).
5
Let w be 1 + 2*(-2)/4. Suppose -2*x - 3*x + 145 = w. List the prime factors of x.
29
Let a be (-16)/(-7) - 10/35. Suppose -c = -8 - a. List the prime factors of c.
2, 5
Let b = -4 + 7. List the prime factors of (-198)/(-27) - 1/b.
7
Let k(u) = u**3 + 11*u**2 + 9*u - 8. Let h be k(-10). Suppose l - 52 = -3*s, -4 = -h*s - l + 31. List the prime factors of s.
17
Suppose -5*g + 10*g - 225 = 0. What are the prime factors of g?
3, 5
Suppose -3*l + 10*l - 203 = 0. List the prime factors of l.
29
Suppose 4*c = 8*c. Suppose c*w = -4*w - 32. Let d = w + 11. What are the prime factors of d?
3
Let n = -2 - -9. Let t(a) = -a**2 + 7*a + 4. List the prime factors of t(n).
2
Suppose -2*d - 3*u + 2 - 50 = 0, 3*d - u + 83 = 0. Let a = -22 - d. List the prime factors of a.
5
Let b(g) = 12*g**2 + 3*g + 3. What are the prime factors of b(3)?
2, 3, 5
Suppose -t = 5*r - 6*t - 40, -5*r = 3*t - 16. Suppose b - r*m + 0 = -2, -5*m = 2*b - 56. List the prime factors of b.
2, 3
Let g be ((-174)/(-9))/(6/9). Suppose 0 = -2*t + g + 13. List the prime factors of t.
3, 7
Let s(v) = -v**2 + 8*v + 5. Let x be s(9). What are the prime factors of x/10 + 364/35?
2, 5
Let l = -46 - -65. What are the prime factors of l?
19
Let l(f) = f**3 + 5*f**2 + 3*f + 1. Suppose -1 + 7 = -2*w. What are the prime factors of l(w)?
2, 5
Let j(d) = -2*d + 5. What are the prime factors of j(-7)?
19
Let o be 1 - (-2 + 5) - 27. Let r = o - -60. List the prime factors of r.
31
Let u(t) be the third derivative of -1/4*t**4 + 0*t + 1/30*t**5 + 2/3*t**3 - 2*t**2 + 0. What are the prime factors of u(4)?
2, 3
Let k be (2/(2/(-1)))/1. Let c(o) = 3*o**2 - o. Let g be c(k). Suppose -y - 2*y - g*z = -18, 4*y - 52 = 4*z. What are the prime factors of y?
2, 5
Suppose a = 3*a. Let f = a - 3. List the prime factors of -5*f*(-12)/(-15).
2, 3
Suppose 0 = -7*t + 4*t + 6. Suppose 3 = 3*q - 3. Suppose -q*k + h = -h - 14, -16 = -3*k + t*h. List the prime factors of k.
2
List the prime factors of (-2)/11 - (-1)/((-33)/(-2679)).
3
Suppose 231 + 259 = 2*m. Let h = m + -163. Suppose 0 = 5*u - 2*f - h, u = 3*u + 2*f - 30. List the prime factors of u.
2
Suppose -6*c + 1088 + 262 = 0. List the prime factors of c.
3, 5
Let k = -160 - -257. List the prime factors of k.
97
Let m be 0 - (-2 + 1)*8. List the prime factors of (10/m)/(2/8).
5
Let g(d) = -d - 3. Let j(l) = 2*l + 6. Let b(z) = 4*z + 11. Let p(y) = -2*b(y) + 5*j(y). Let t(q) = 8*g(q) + 3*p(q). List the prime factors of t(-5).
2, 5
Suppose 0 = 5*t - 256 - 249. What are the prime factors of t?
101
Suppose 12 = -i + 5*i. What are the prime factors of i?
3
Let a = 39 - 56. Let n = 35 + a. List the prime factors of n.
2, 3
Suppose 4*b - 2*z - 30 = 0, -2*b + 4*z = -0*b. Let l(r) = -r**2 + 0*r + 1 - b*r + 9. List the prime factors of l(-10).
2, 5
Let o(x) = x**3 + 5*x**2 + 3*x - 6. Let y be o(-5). What are the prime factors of (-4)/6 + (-140)/y?
2, 3
Let p = 22 - 20. What are the prime factors of p?
2
Let y(s) be the second derivative of -s**3/6 - 3*s**2/2 - s. What are the prime factors of y(-11)?
2
Suppose m = 4*h + 20, -7 = -2*m + 2*h + 9. Suppose -104 + 24 = -m*j - 4*g, -2*g = -j + 5. What are the prime factors of j?
3, 5
Suppose 0 = -0*b - 2*b + 70. What are the prime factors of 14/b + 76/10?
2
Suppose 288 = 5*v + n - 75, -4*n = -5*v + 348. What are the prime factors of v?
2, 3
Let m = 158 - -170. What are the prime factors of m?
2, 41
Suppose -2*v + 2 = -50. List the prime factors of v.
2, 13
Suppose 0 = 3*w - 20 - 94. Let v = w - 22. List the prime factors of v.
2
Let y(v) = 27*v + 17. List the prime factors of y(6).
179
Let h be (15/2)/5*2. What are the prime factors of (-9)/(-1) + -3 - h?
3
Suppose -28 = -2*g - 0*g. List the prime factors of g.
2, 7
Let s(z) = 2*z**2 + 13*z - 10. What are the prime factors of s(-8)?
2, 7
Suppose 6*u - 499 = 2*u - 3*o, -2*u - o + 247 = 0. What are the prime factors of u?
11
What are the prime factors of -10*(-4 + (-45)/6)?
5, 23
Let r = -1 - -6. Let x = -11 + 11. Let c = r - x. What are the prime factors of c?
5
Let l(w) = w**2 - w + 1. Let n(p) = -p**3 + 10*p**2 - 8*p - 17. Let t(s) = -3*l(s) - n(s). What are the prime factors of t(12)?
2
Suppose m = -2*k + 4*m + 228, 2*k - 5*m - 220 = 0. List the prime factors of k.
2, 3, 5
Suppose -40 = -5*d + 4*p, 4*d + 4*p - 22 = 46. Suppose 0 = 4*t - d. Suppose -2*r + 23 = 5*v, 0 = -t*r - 3*v + 24 + 24. List the prime factors of r.
19
List the prime factors of (4 - (96 + -4))*-2.
2, 11
Suppose 3*b - 1798 = -655. List the prime factors of b/9 + (-6)/(-9).
43
Suppose -1555 = 13*q - 18*q. What are the prime factors of q?
311
Let t(a) = a**2 - 5*a**2 + 1 - 8*a + 3*a**2. Let y be t(-8). Let m = 12 - y. What are the prime factors of m?
11
Let j(k) = 4*k - 4*k - 4*k + 3. What are the prime factors of j(-4)?
19
Suppose -105 = 4*l - 7*l. Suppose -5*j - 5*a = -l, -5*j - 4*a + 25 + 8 = 0. What are the prime factors of j?
5
Let j = 142 + -76. List the prime factors of j.
2, 3, 11
Suppose 2*f - p - 142 = 4*f, 5*f + 358 = -p. Let t = -38 - f. What are the prime factors of t?
2, 17
Let q(l) = l. Let a be q(-4). Let v = -2 - a. List the prime factors of v.
2
List the prime factors of ((-24)/(-30)*16)/(1/5).
2
Suppose -4*i - 18 = -5*i. Let c(d) = d**3 + 14*d**2 + 12*d - 9. Let l be c(-13). Let h = i - l. List the prime factors of h.
2, 7
Let o be 4/(-6)*(-18)/3. Suppose -5*d = 5*c - 121 - 44, 0 = -5*d - o*c + 168